inder when r is divided by 28?
25
Suppose 0 = -4*o - 5*z + 14, -5*z + 12 = 2. Let l(c) = 29*c**3 + c**2 - 1. What is the remainder when l(o) is divided by 10?
9
Suppose 4 = -5*w + 24. Calculate the remainder when (-132)/72*(-5 + -1) is divided by w.
3
What is the remainder when (-2)/(144/(-70) + 2) is divided by 12?
11
Suppose 2*y + 13 = 49. Let z = -8 + 22. Suppose 0 = 2*j - z - 54. Calculate the remainder when j is divided by y.
16
Let p be 2*(-2 - (-1)/1). Calculate the remainder when 15 is divided by (12/(-18))/(p/24).
7
Suppose x - 54 = -19. Suppose 8*p - x = 3*p. Calculate the remainder when 33 is divided by p.
5
Let o(s) = -3*s - 9. Let n be -10 - (-3 - (2 + -2)). Calculate the remainder when o(n) is divided by 7.
5
Suppose 6*s - 11*s = -100. Calculate the remainder when 35 is divided by s.
15
Let q(g) = g**3 - 18*g**2 + g - 16. Let k be q(18). Suppose k*o = -o + 51. What is the remainder when o is divided by 4?
1
Suppose l - 24 = -0*l. Suppose 0 = -v - v + l. Let a = 50 + -5. What is the remainder when a is divided by v?
9
Let f(u) = 2*u + 6. Let j be f(-6). Let n be 2/j - 777/(-9). Suppose -3*t + 61 + n = -3*d, -t - 3*d + 41 = 0. Calculate the remainder when t is divided by 16.
15
Suppose -v + 3*u = -2*v + 11, 0 = 2*u + 4. Let o = v - 9. Calculate the remainder when 23 is divided by o.
7
Let w(l) = -2*l + 44. What is the remainder when 29 is divided by w(16)?
5
Suppose -3*y + 64 = 1. Calculate the remainder when y is divided by 9.
3
Let u be (-58)/2 + 5 + -3. Let i = 50 + u. What is the remainder when i is divided by 13?
10
Calculate the remainder when 40 is divided by (8 + -1)/((-4)/(-12)).
19
Suppose -29 = -5*y - m, -3*m - 10 = -5*y + 3. What is the remainder when 8 is divided by y?
3
Let p = 10 + -7. Suppose -g - s - s + 15 = 0, p*g - 15 = 4*s. Suppose -3*r + 15 = -0*r. What is the remainder when g is divided by r?
4
Let j(c) = 8*c**2 - 3*c + 2. Suppose f + 2*a - 2 = 0, 8 = f - a - 6. What is the remainder when j(2) is divided by f?
8
Suppose 5*x - 355 = -5*y, -5*y + 2*x = x - 349. What is the remainder when y is divided by 18?
16
Suppose -59 = -5*x + 51. Let q = -58 - -100. What is the remainder when q is divided by x?
20
Let o = 26 - 6. What is the remainder when (-2)/(-3)*(0 - -87) is divided by o?
18
What is the remainder when 17 is divided by 90/20*(1 + 1)?
8
Let o = -16 - -31. Suppose -4*t - u = -0*t - 45, u - o = -t. Let p = -46 + 64. What is the remainder when p is divided by t?
8
Suppose 3*g - 43 = -2*t + 3*t, -t - 28 = -2*g. What is the remainder when 39 is divided by g?
9
Let c be 9/(-2)*6*1. Let v = -6 - c. Calculate the remainder when 61 is divided by v.
19
Let c = -173 + 107. What is the remainder when c/(-12) + (-2)/4 is divided by 3?
2
Let y = -4 + 9. Suppose 4*h + y = -4*g - 3, 16 = -2*h - 5*g. What is the remainder when h*(-2)/4 + 11 is divided by 6?
4
Let x(r) = -r**3 - 7*r**2 + 5*r - 5. Let h be x(-7). What is the remainder when 21 is divided by (18/(-5))/(12/h)?
9
Let o(g) = -27*g**3 - 2*g**2 - g. Suppose -23 = 5*p - k, -k - 4*k = -3*p - 27. Let d = 3 + p. What is the remainder when o(d) is divided by 14?
12
Let w = -1 - -8. Let k = 14 - w. Calculate the remainder when 19 is divided by k.
5
Suppose 4*f - f = 0. Calculate the remainder when 7 + -10 - (f + -50) is divided by 16.
15
Calculate the remainder when (-3 - -2)/(0 + (-1)/41) is divided by (1 + 19/(-5))*-5.
13
Let m be 64/(-10) - 2/(-5). What is the remainder when 1/(m/(-33))*10 is divided by 19?
17
Suppose -2*s + s + 3*g = 18, 2*g - 7 = -s. Let q = -2 - -6. Let p = q + s. Calculate the remainder when 1 is divided by p.
0
Suppose -4*f = -20 - 52. Suppose -1 + 3 = a. Suppose o + a*o - 30 = 0. Calculate the remainder when f is divided by o.
8
Let c(v) = v**3 + 4*v**2 - v - 1. Suppose -2*p = k + 39, -3*k - 2*k = -5. Calculate the remainder when (32/p)/(1/(-5)) is divided by c(-4).
2
Let k(i) = i**2 - i - 13. What is the remainder when 64 is divided by k(6)?
13
Let u(d) = 5*d**2 + 2*d - 2. Let s(l) = -l + 9. Let w be s(5). Suppose -a - w = -0, 4*a = -4*g - 24. Calculate the remainder when 41 is divided by u(g).
13
Suppose -7*v + 88 = -3*v. Let u = -59 + 122. Calculate the remainder when u is divided by v.
19
Let o be 15*(3 + 3/9). Calculate the remainder when ((-1240)/o)/((-4)/10) is divided by 13.
10
Let z(k) = -k**3 + 9*k**2 - 8*k + 4. Suppose -4*j = j - 25. Suppose -3*h + j*h = 6. What is the remainder when z(8) is divided by h?
1
Let c = 265 - 235. Let g(d) = -5*d**3 - 2*d**2 + d + 4. Calculate the remainder when g(-3) is divided by c.
28
Let w = 10 - -9. What is the remainder when 35 is divided by w?
16
Suppose -5*c - 3*s = -11, -2*c - 2*s + 3 = 1. Let k be (-120)/(-21) - (-2)/7. Suppose -k*d + 12 = -c*d. Calculate the remainder when 17 is divided by d.
5
Let g be (2 - -1) + (-10 - -6). Let z(w) = -3*w**3 + w. Calculate the remainder when 5 is divided by z(g).
1
Let v = -3 - 13. Let l = 18 + v. Calculate the remainder when 2 is divided by l.
0
Let f(l) = 2*l - 8. Let z(u) = u**3 - 3*u**2 - 3*u - 7. Calculate the remainder when z(5) is divided by f(9).
8
Let d(v) = -v**3 + 7. Let y(g) = g**2 + 4*g + 2. Let x be y(-4). Let t be (0*1/x)/3. What is the remainder when 27 is divided by d(t)?
6
Suppose 7*b - 145 = 2*b. What is the remainder when 114 is divided by b?
27
Let o be 18/4*8/12. Let g(y) = y + 3. Calculate the remainder when 17 is divided by g(o).
5
What is the remainder when 24 is divided by 1/((-4)/(-40)) + 3?
11
Let b = 28 - -6. What is the remainder when 132 is divided by b?
30
Let z = -18 + 21. What is the remainder when 5 is divided by z?
2
Let f = -24 + 69. Let o = f + -25. Calculate the remainder when 59 is divided by o.
19
Let x(l) be the third derivative of l**4/4 - l**3/3 - 5*l**2. Let j be x(2). Let m = j + 13. What is the remainder when m is divided by 6?
5
Let f = -84 - -255. Calculate the remainder when f is divided by 35.
31
Calculate the remainder when 30 is divided by 12/(-30) + (-84)/(-10).
6
Let f be (-1)/(-1*(-1)/(-9)). Suppose -3*q + f = -0*q. Suppose -i + 4*z - 4 = 0, 0 = q*i - 0*z - z - 32. What is the remainder when 22 is divided by i?
10
Suppose -5*m - d = -250, -2*m - m + 3*d = -150. Let u = 54 - 37. Calculate the remainder when m is divided by u.
16
Suppose 0 = 4*z - 191 - 205. Calculate the remainder when z is divided by (-32)/24 - 79/(-3).
24
Suppose 0 = 3*d - 6*d + 9. Suppose 0 = 2*i - d*i + 16. Let x(y) = 30*y**3 - y**2 + y. Calculate the remainder when x(1) is divided by i.
14
Let d(b) = 2*b + 32. Let s be d(0). What is the remainder when 8/s + 71/4 is divided by 10?
8
Suppose 0 = -3*s + 2*z + 16, 3*s - 6 = z + 11. Calculate the remainder when 20 is divided by s.
2
Suppose -2*x + 176 = 2*x + 2*w, 2*x + 3*w - 92 = 0. Calculate the remainder when x is divided by 15.
13
Calculate the remainder when (-125)/(-4) + 6/(-24) is divided by ((-3)/2)/(9/(-48)).
7
Calculate the remainder when 139 is divided by 7*((-39)/(-21) - -1).
19
Suppose -2*q + q = -4. What is the remainder when 86/q + (-1)/2 is divided by 11?
10
Let b = 60 - 45. Suppose -a - 4*p = a - 20, -3*p = -2*a + 6. Calculate the remainder when b is divided by a.
3
Let u(t) = 3*t**3 - 4*t**2 + 2*t - 1. Let m be u(3). Suppose -4*d = d - m. What is the remainder when d is divided by 6?
4
Let a be 8/6*(-9)/6. Calculate the remainder when 49 is divided by 54/4 + a/4.
10
Let h = 35 - 26. What is the remainder when 25 is divided by h?
7
Let c(z) = -2*z - 6. Let m be c(8). Let s = 34 + m. Calculate the remainder when 34 is divided by s.
10
Suppose -i + 4*t = -76, 4*i - 111 = 3*i - 3*t. Suppose -c + 4*c - i = 0. Calculate the remainder when c is divided by 17.
15
Suppose -3*z = -4*y + 153, -4*z + 11 = -9. What is the remainder when y is divided by 11?
9
Let b be (-6)/21 - 44/(-7). Suppose -b*q + q - 35 = 0. Let o(x) = -x**3 - 6*x**2 + 4*x - 9. What is the remainder when 35 is divided by o(q)?
11
Suppose 4*b - 30 = b. What is the remainder when 21 is divided by b?
1
Suppose -y - 104 = -4*v, -4*v + 2*v + 5*y + 52 = 0. Let x = -6 - -20. Calculate the remainder when v is divided by x.
12
Let n(p) = p**3 + 2*p**2 - 2*p - 2. Let v be n(-2). Suppose -i = -2*u - 18, 0*i - 4*i = v*u - 42. What is the remainder when 19 is divided by i?
7
Let w = 24 + -24. Suppose 0 = -3*y - q + 12,